7)/(18/y + 4) prime?
False
Let o(v) = -3*v**3 - 3*v**2 + 4*v - 1. Let r be o(3). Let t = -38 - r. Is t a prime number?
True
Let k(x) = x**3 + 9*x**2 + 7*x - 5. Let s be k(-8). Let h be s + 27 - (-1)/1. Suppose 0 = -2*w + 129 - h. Is w prime?
False
Let o(k) = 23*k**2 - 4*k - 3. Is o(-2) a composite number?
False
Let v = -2 - -4. Let y be 2*(v/2 - 3). Is (-309)/y - (-5)/(-20) a prime number?
False
Suppose 2*y - 10 = -6. Suppose 0 = 5*b + 146 - 976. Suppose 0 = -y*f - 0*f + b. Is f prime?
True
Suppose -z + 5000 = 3*z - 4*m, -4*m = -2*z + 2490. Is z a prime number?
False
Let n = -6 - -6. Suppose n = 4*a - 3*a + d - 38, -5*a = 3*d - 188. Is a prime?
True
Suppose 0 = -0*s - 2*s + 3314. Is s a composite number?
False
Suppose 0*c - 4*c + 2*r - 4 = 0, 0 = -4*c - 3*r + 6. Suppose 0 = -c*g + 4*g + 16. Let n = 10 + g. Is n prime?
False
Let m(h) = -h**2 + 6*h - 3. Let d be m(4). Suppose 2*l = 4*n - 68, 2*l - 6*l - 91 = -d*n. Is n prime?
False
Let p = -6 + 11. Suppose -3*z = -p*d + 8, -4*d = z + d - 4. Is z - (-1*2 + -2) composite?
False
Suppose 2*z - 5*z + 633 = 0. Is z prime?
True
Is -2 - 7/(35/(-4605)) a composite number?
False
Suppose 4*h = 5*s - 18, 3*s - 8 - 4 = 3*h. Is (s/(-3))/((-8)/804) a composite number?
False
Let q(g) be the second derivative of -g**3/6 + 9*g**2/2 + 2*g. Let m be q(7). Let j(i) = 3*i - 2. Is j(m) prime?
False
Let c(v) = -11*v**3 - 3*v**2 + 7*v + 3. Is c(-4) a prime number?
True
Let x = 379 + -224. Let c be (0 + 0)*(-1)/(-2). Suppose -s + x = -c*s. Is s composite?
True
Let r(f) = 7*f**2 + f - 10. Let s(h) = 11*h**2 + 2*h - 15. Let p(o) = 8*r(o) - 5*s(o). Suppose 3*y = 7 + 8. Is p(y) composite?
True
Let b be 46 - -4*4/8. Let y = 137 - b. Is y composite?
False
Suppose -a = -2*k + 16, 3*k = a - 0*a + 18. Is 2/3 - 1564/a composite?
False
Let q = -300 + 491. Is q composite?
False
Let o = -1721 + 2980. Is o composite?
False
Suppose -3*p + 8 = -p. Suppose 9 = p*l - l. Suppose 2*j + 2*z = 156, -l*j + z + 61 + 169 = 0. Is j a composite number?
True
Suppose -3*i - 1 = a, 4*a + 1 = 2*i + 3*a. Suppose -j + i = -2. Suppose -134 = -4*f + j*f. Is f prime?
True
Is ((-10884)/(-6))/(-2)*(0 - 1) a composite number?
False
Let u = -450 - -1091. Is u a prime number?
True
Suppose 5*t + 92 = -4*v, -2*t = -7*t. Let b = 56 - v. Is b prime?
True
Let k = -101 - -92. Let p(g) = -5 - 3*g + 2*g**3 + g - 8*g**2 - 3*g**3. Is p(k) a prime number?
False
Suppose 5*r = s - 546, 2*s = 3*r - 5*r + 1032. Is s a prime number?
True
Is (-3 + 1)*(-2)/4*1349 a prime number?
False
Let m = -8 + 11. Let l(p) = p**m + p**2 - 5*p**2 - 7 + 10*p - p**2. Is l(7) a composite number?
True
Let r = 20 - 13. Let h(i) = 43*i + 6. Is h(r) composite?
False
Is (-2)/(-7) + (-2204)/(-28) composite?
False
Let s(k) = k + 1. Let x be s(3). Is 4/x + 1 + 161 a composite number?
False
Suppose o = -5*f - 200, -2*f - 684 = 4*o + 80. Suppose 0 = 2*p - 153 - 465. Let c = p + o. Is c a prime number?
False
Suppose 3*z + 2*t - 4 = 8, -3*z + 5*t + 33 = 0. Suppose 2*u - z*u = -20. Suppose 5*b + 32 = 4*j, -u*j + b + 0 = -19. Is j prime?
True
Suppose 4*x = -4 - 0, z = 4*x + 255. Is z composite?
False
Suppose 15*b = 10*b + 185. Is b composite?
False
Let t = 7 - 2. Suppose t*m + 14 = -31. Is (-6)/m*63/3 composite?
True
Suppose -15*h + 11*h + 148 = 0. Is h composite?
False
Let u be 20/6 + 10/(-30). Suppose 0 = 2*r + 4*m - 4 + 2, 0 = u*m - 3. Is r/2*(-173 + 3) composite?
True
Suppose 3*x + x = -4*s, -40 = -5*x + 5*s. Suppose -4*c = -c + 3*u - 6, 2*c - 4 = -x*u. Suppose c*i - 3*i = -7. Is i a composite number?
False
Suppose -3*k = 22 - 7. Let j(m) = 7*m**2 + 4*m - 6. Is j(k) composite?
False
Let v(s) = 3*s**2 - 4*s - 1. Let j(y) = -2*y + 1 + 2*y - 2*y. Let i be j(-1). Is v(i) prime?
False
Let l(b) = 8*b**2 - b. Let g be l(1). Is (-2)/1*g/(-2) composite?
False
Suppose 22 = 5*m + 7. Suppose -2*l + 2*o - 6 = 0, -6*l + 16 = -m*l + 2*o. Suppose 44 = 5*p - p - 4*u, 4*p - 68 = -l*u. Is p prime?
False
Let b(z) = -43*z - 8. Is b(-7) prime?
True
Suppose x - 505 = -0*x + 3*i, 4*x + 4*i - 2052 = 0. Is x a prime number?
False
Suppose -13*q + 4833 = -4*q. Is q prime?
False
Let o(j) = 3*j**3 - 7*j**2 + 2*j - 7. Is o(5) a prime number?
False
Let y(l) = l**2 - 2*l - 5. Suppose -4*n - 2*c = -10, 2*c - 3*c + 5 = -2*n. Suppose -5*o - 3*v - 2*v - 5 = n, -4*v - 8 = 3*o. Is y(o) a composite number?
False
Suppose -3*t + 6*t - 27 = 0. Let d(j) = 6*j + 13. Is d(t) composite?
False
Is (-12)/(-8)*220/6 prime?
False
Let l = -3 - 5. Let w = -4 - l. Suppose 3*a - 292 = -4*r - 73, -5*a - w*r + 357 = 0. Is a composite?
True
Is (-4)/5 - 28278/(-10) a composite number?
True
Let w(u) = -11*u - 3 - 11*u**2 - 3 - 4 - u**3. Let j be w(-10). Suppose j = 2*v - 6*v + 36. Is v a prime number?
False
Let k be -1 + 1 - (-2 - -3). Let a be k/(201/(-99) - -2). Let p = -12 + a. Is p composite?
True
Let c be 46/8 + 4/16. Let x(j) = -4*j + 3. Let d(s) = -3*s + 2. Let n(u) = c*d(u) - 4*x(u). Is n(-5) a composite number?
True
Let j(i) = 190*i**2 - 3*i - 2. Is j(-1) a prime number?
True
Let s = 17 - 15. Suppose -s*m = 3*m - 295. Is m a composite number?
False
Let b(i) = 48*i**2 - 10*i + 1. Is b(5) a composite number?
False
Let f = 153 + -50. Suppose -5*m + 498 = f. Is m prime?
True
Let l(f) = 2*f**3 - 4*f**2 - 7*f + 5. Is l(6) a prime number?
True
Let q = -38 - -63. Is q a prime number?
False
Let v be 2 - (0 + 2) - -1. Suppose -v = -r + 1. Suppose 5*b = f - 1, 5*f = r*b + 7 + 21. Is f prime?
False
Suppose 0 = -5*b + 1565 - 400. Is b a composite number?
False
Suppose 2*n - 5*v + 11 = 0, 4*v + v - 13 = n. Is 17 - n*(-3 + 2) prime?
True
Suppose 3*h - 438 = p - 4*p, -4*p - 274 = -2*h. Is h composite?
True
Let h(n) = -n + 10. Let w be h(7). Suppose 4*v = 2*i - 88, -i - w*v + 187 = 3*i. Is i a prime number?
False
Let l(n) = n - 8. Let k(i) = -9. Let a(p) = 4*k(p) - 5*l(p). Is a(-3) a prime number?
True
Suppose -q = 4*u + 3, 5*u + 4*q - 12 = -2. Let n be 75/27 + u/(-9). Is (96 - n)*2/6 prime?
True
Let n(v) = 6*v**3 - 4*v**2 - 5*v + 7. Is n(4) a prime number?
True
Let p(h) = -h**3 + 4*h**2 + h - 2. Let d be p(4). Suppose 0 = r - 0*r + d. Is ((-116)/8)/(r/12) composite?
True
Let m(o) = -o**3 - 6*o**2 + 10*o - 10. Is m(-8) a prime number?
False
Let s(q) = -q**3 - 3*q**2 + 8*q - 2. Let p be s(-6). Let z = p + 153. Is z a composite number?
False
Suppose -5*x + 18 = -12. Let n = x + -3. Suppose -2*t = n*g - 19, 8 = 3*g + 5*t + 1. Is g a composite number?
True
Is ((-3022)/(-6))/(22/66) composite?
False
Let t be ((-768)/(-9))/(-4)*-18. Suppose 22 + t = 2*y. Is y prime?
False
Let x = 856 - 539. Is x composite?
False
Is (-441)/6*4/(-6) prime?
False
Suppose -9 = -3*c + 2*c. Let i = c + -7. Is (1/i)/(2/76) a prime number?
True
Let d be ((-1)/2 + 1)*6. Suppose -3*s - s - 4*x - 644 = 0, -5*s = d*x + 797. Let z = s + 288. Is z composite?
False
Suppose -5*y - s = -17, 0*s - 2*s = y + 2. Let x be 30/y*(-8)/(-10). Suppose 2*t - x*t + 124 = 0. Is t a prime number?
True
Suppose -24 = -2*k - 2*k. Let l be (-3)/(-2)*8/k. Suppose 0*h - l*h + 78 = 0. Is h composite?
True
Let h = 9 + -6. Suppose h*y + y = 812. Is y a prime number?
False
Let y = -2105 - -4272. Is y composite?
True
Let c = -10 + 14. Suppose -c*s = s - 265. Let v = -32 + s. Is v prime?
False
Let j = 28 - 16. Let t(c) = -3 + j*c**2 + 6 + 6*c**2 - 4*c**2 - 6*c. Is t(4) a composite number?
True
Let m be (9 - (4 + 0)) + -1. Suppose 0*w - m*w = -596. Is w prime?
True
Let l(a) = 17*a**2 - 4*a - 1. Let f be (-1)/(-2 - (-5)/3). Let k be l(f). Suppose -3*h = h - k. Is h a prime number?
False
Let t be 1*4*6/3. Suppose 4*o + t = -4. Is (3/(-2))/o*38 a prime number?
True
Let p(f) = -3*f**3 + 2*f + 1. Let n be p(-1). Suppose -n*s + s - 5 = 0. Let m = 32 - s. Is m prime?
True
Let c(o) = 3*o**2 + o + 1. Let r be c(-2). Suppose r = 3*g - 4. Suppose -t - 3*l + 4 = 0, t - 3*t + g*l = -63. Is t a composite number?
False
Is 5/(-6)*177/1*-2 a composite number?
True
Suppose -x = -v + 3, 1 - 10 = -5*v + 3*x. Suppose -u + 5 = -v*u, n = -u + 54. Suppose -5*z + 296 = -n. Is z prime?
False
Suppose -g = 3*g. Let a(p) = 7 + 4*p + p - 4*p. Is a(g) prime?
True
Suppose 3*c = -486 + 2661. Suppose 0 = -3*g - 2*g + c. Is g a prime number?
False
Suppose 36 = 2*m + 2*m. Let g(k) = -k**3 + 11*k**2 - 9*k + 4. Is g(m) composite?
True
Suppose 6*p = 5*p - 864. Let s = p 